{"id":60,"date":"2020-12-07T12:31:09","date_gmt":"2020-12-07T11:31:09","guid":{"rendered":"http:\/\/www.steuerbuero-goettingen.de\/?page_id=60"},"modified":"2025-08-13T13:18:08","modified_gmt":"2025-08-13T11:18:08","slug":"umweltschutz","status":"publish","type":"page","link":"https:\/\/www.steuerbuero-goettingen.de\/?page_id=60","title":{"rendered":"Umweltschutz"},"content":{"rendered":"\n<p>Wir arbeiten nachhaltig und nicht nur auf den kurzfristigen Erfolg ausgelegt. Daher ist uns auch der Umweltschutz wichtig. Wer seine Umwelt nicht sch\u00fctzt, schadet \u00fcber kurz oder lang nicht nur allen Anderen, sondern auch sich selbst. Um unsere Umwelt zu sch\u00fctzen ergreifen wir Ma\u00dfnahmen:<\/p>\n\n\n\n<ul class=\"wp-block-list\">\n<li>zur M\u00fclltrennung<\/li>\n\n\n\n<li>zur M\u00fcllvermeidung<\/li>\n\n\n\n<li>zum Stromsparen<\/li>\n\n\n\n<li>zum Heizenergie sparen<\/li>\n<\/ul>\n\n\n\n<p>Mein Ziel ist es die Kanzlei so schnell wie m\u00f6glich Klima, also CO\u00b2-Neutral zu machen. Das ist kein Ziel welches in ein paar Monaten erreicht werden kann, aber es soll auch nicht erst 2050 soweit sein. Um \u00fcberhaupt zu wissen, was alles einberechnet werden muss, eine Bestandsaufnahme zu machen und Vorschl\u00e4ge f\u00fcr umzusetzende Ma\u00dfnahmen zu bekommen, will ich mit der G\u00f6ttinger Energieagentur zusammenarbeiten.<\/p>\n\n\n\n<hr class=\"wp-block-separator has-css-opacity is-style-wide\"\/>\n\n\n\n<h2 class=\"wp-block-heading\">Klimaschutz ist uns wichtig<\/h2>\n\n\n\n<p>Oft ist es leichter etwas zu tun als man denkt. Wir haben uns unter die Lupe nehmen lassen und unsere Emissionen untersuchen lassen. Das Ergebnis k\u00f6nnen Sie in unserem Bericht &#8222;Corporate Carbon Footprint&#8220; nachlesen.<\/p>\n\n\n\n<p>Desweiteren unterst\u00fctzen wir freiwillig die F\u00f6rderung nat\u00fcrlicher Bodenfruchtbarkeit in regionalen B\u00f6den, um unsere CO<sub>2<\/sub>-Emission weiter zu kompensieren.<\/p>\n\n\n\n<div class=\"wp-block-columns is-layout-flex wp-container-core-columns-is-layout-9d6595d7 wp-block-columns-is-layout-flex\">\n<div class=\"wp-block-column is-layout-flow wp-block-column-is-layout-flow\">\n<figure class=\"wp-block-image size-large is-resized\"><img loading=\"lazy\" decoding=\"async\" width=\"768\" height=\"1024\" src=\"https:\/\/www.steuerbuero-goettingen.de\/wp-content\/uploads\/2025\/08\/2024-Zertifikat-Steuerberater-Dennis-Schmidt-768x1024.jpg\" alt=\"\" class=\"wp-image-817\" style=\"width:374px;height:auto\" srcset=\"https:\/\/www.steuerbuero-goettingen.de\/wp-content\/uploads\/2025\/08\/2024-Zertifikat-Steuerberater-Dennis-Schmidt-768x1024.jpg 768w, https:\/\/www.steuerbuero-goettingen.de\/wp-content\/uploads\/2025\/08\/2024-Zertifikat-Steuerberater-Dennis-Schmidt-225x300.jpg 225w, https:\/\/www.steuerbuero-goettingen.de\/wp-content\/uploads\/2025\/08\/2024-Zertifikat-Steuerberater-Dennis-Schmidt.jpg 800w\" sizes=\"auto, (max-width: 768px) 100vw, 768px\" \/><\/figure>\n\n\n\n<p>Zertifikat zur CO<sub>2<\/sub> Kompensation<\/p>\n<\/div>\n\n\n\n<div class=\"wp-block-column is-layout-flow wp-block-column-is-layout-flow\">\n<figure class=\"wp-block-image size-large\"><a href=\"https:\/\/www.steuerbuero-goettingen.de\/wp-content\/uploads\/2023\/12\/CCF_Ergebnisbericht_Steuerberater_Dennis_Schmidt_2022.pdf\" target=\"_blank\" rel=\"noreferrer noopener\"><img loading=\"lazy\" decoding=\"async\" width=\"682\" height=\"1024\" src=\"https:\/\/www.steuerbuero-goettingen.de\/wp-content\/uploads\/2023\/12\/klimabericht-682x1024.jpg\" alt=\"\" class=\"wp-image-695\" srcset=\"https:\/\/www.steuerbuero-goettingen.de\/wp-content\/uploads\/2023\/12\/klimabericht-682x1024.jpg 682w, https:\/\/www.steuerbuero-goettingen.de\/wp-content\/uploads\/2023\/12\/klimabericht-200x300.jpg 200w, https:\/\/www.steuerbuero-goettingen.de\/wp-content\/uploads\/2023\/12\/klimabericht-768x1154.jpg 768w, https:\/\/www.steuerbuero-goettingen.de\/wp-content\/uploads\/2023\/12\/klimabericht-1022x1536.jpg 1022w, https:\/\/www.steuerbuero-goettingen.de\/wp-content\/uploads\/2023\/12\/klimabericht.jpg 1200w\" sizes=\"auto, (max-width: 682px) 100vw, 682px\" \/><\/a><\/figure>\n\n\n\n<p>Ausf\u00fchrlicher Bericht \u00fcber unseren &#8222;Fu\u00dfabdruck&#8220;<\/p>\n<\/div>\n<\/div>\n\n\n\n<hr class=\"wp-block-separator has-alpha-channel-opacity is-style-wide\"\/>\n\n\n\n<h4 class=\"wp-block-heading\">Umgesetzte Ma\u00dfnahmen im Bereich Umweltschutz:<\/h4>\n\n\n\n<p><strong>Strom sparen durch &#8222;kleine&#8220; \u00c4nderungen:<br><\/strong>Durch schaltbare Steckdosen an den Schreibtischen und den K\u00fcchenger\u00e4ten wird sogenannter Kriechstrom (Stromverbrauch, obwohl das Ger\u00e4t aus ist) verhindert. Kein Ger\u00e4t ist im Standby-Modus und durch den \u00dcberspannungsschutz sind PCs und Schreibtische z.B. bei Blitzeinschlag gesch\u00fctzt.<\/p>\n\n\n\n<p><strong>Herunterregelung der Heizungsvorlauftemperatur:<br><\/strong>Die Heizung wurde umgestellt. Die Vorlauftemperatur wurde von 75\u00b0 C auf ca. 45\u00b0 gesenkt. Keiner braucht eine Heizung, die 75\u00b0 C hei\u00df ist. Stellt man die Heizk\u00f6rper auf 4-5, anstatt auf 2-3 hat man trotzdem die gew\u00fcnschte Temperatur im Raum.<\/p>\n\n\n\n<p><strong>Papier einsparen:<br><\/strong>Durch doppelseitiges Drucken sparen wir eine erhebliche Menge Papier, welches nicht hergestellt, gebleicht und transportiert werden muss.<\/p>\n\n\n\n<p>Die Digitalisierung spart ebenfalls viel Papier. Betriebswirtschaftliche Auswertungen, die nicht gedruckt und versendet werden m\u00fcssen sind ein Einsparpotential. Arbeitnehmer online, also digitale Gehaltsabrechnungen bei Mandanten und uns selbst sparen Papier und Toner. Das Gleiche gilt f\u00fcr Unternehmen online. Gerne informieren wir unsere Mandantschaft zu diesen Punkten. Je mehr mitmachen, desto besser.<\/p>\n\n\n\n<p><strong>Abschaffung von Batterien \u2013 Zug um Zug:<br><\/strong>Soweit unsere Ger\u00e4te dies zulassen werden wir von Batterien auf Akkus umstellen. Batterien sind Sonderm\u00fcll und m\u00fcssen erst aufwendig hergestellt und dann genauso aufwendig entsorgt werden. Die Akkus werden \u00fcber eine Photovoltaikpowerbank geladen.<\/p>\n\n\n\n<p><strong>Nachhaltige Getr\u00e4nke:<br><\/strong>Wir versorgen uns nun mit Wassersprudlern statt mit PET-Flaschen.<\/p>\n\n\n\n<p><strong>\u00d6ko-Strom:<br><\/strong>Unser B\u00fcro wird mit \u00d6ko-Strom versorgt.<\/p>\n\n\n\n<p><strong>CO2_Emission:<br><\/strong>Seit dem <strong>02.11.2022<\/strong>&nbsp;neutralisieren wir die CO2-Emissionen, die durch unseren Erdgasverbrauch entsteht. Mit unserem Beitrag unterst\u00fctzen wir weltweit ausgezeichnete Klimaschutzprojekte.<\/p>\n\n\n\n<p><strong>Energieeinsparung beim Heizen:<br><\/strong>Wir haben in unseren R\u00e4umen Energiesparthermostate installiert, die den Energieverbrauch reduzieren. Die Raumtemperatur wir in der Nacht und an den Wochenenden um 5\u00b0C abgesenkt.<\/p>\n\n\n\n<p><strong>Bessere Isolation:<br><\/strong>An den B\u00fcroau\u00dfent\u00fcren wurden zus\u00e4tzliche T\u00fcrdichtungen angebracht. Dadurch wird Zugluft verhindern und der Energieverbrauch gesenkt.<\/p>\n\n\n\n<p><strong>Papier statt Plastik:<br><\/strong>Wenn unsere Restbest\u00e4nde aufgebraucht sind, werden nur noch Heftstreifen aus Papier verwendet (Leitz 3701).<\/p>\n\n\n\n<hr class=\"wp-block-separator has-css-opacity is-style-wide\"\/>\n\n\n\n<p>Als Informationsquellen empfehlen wir:<\/p>\n\n\n\n<ul class=\"wp-block-list\">\n<li><a href=\"https:\/\/www.energieagentur-goettingen.de\/energieagentur\/ueber-uns\/publikationen\" target=\"_blank\" rel=\"noreferrer noopener\">Energieagentur G\u00f6ttingen<\/a><\/li>\n\n\n\n<li><a href=\"http:\/\/www.solardachkataster-suedniedersachsen.de\" target=\"_blank\" rel=\"noreferrer noopener\">Solarkataster<\/a><\/li>\n<\/ul>\n","protected":false},"excerpt":{"rendered":"<p>Wir arbeiten nachhaltig und nicht nur auf den kurzfristigen Erfolg ausgelegt. Daher ist uns auch der Umweltschutz wichtig. Wer seine Umwelt nicht sch\u00fctzt, schadet \u00fcber <a class=\"more-link\" href=\"https:\/\/www.steuerbuero-goettingen.de\/?page_id=60\">weiterlesen&#8230;<\/a><\/p>\n","protected":false},"author":2,"featured_media":157,"parent":0,"menu_order":0,"comment_status":"closed","ping_status":"closed","template":"","meta":{"footnotes":""},"class_list":["post-60","page","type-page","status-publish","has-post-thumbnail","hentry"],"yoast_head":"<!-- This site is optimized with the Yoast SEO plugin v27.5 - https:\/\/yoast.com\/product\/yoast-seo-wordpress\/ -->\n<title>Umweltschutz - Steuerberater Dennis Schmidt<\/title>\n<meta name=\"robots\" content=\"index, follow, max-snippet:-1, max-image-preview:large, max-video-preview:-1\" \/>\n<link rel=\"canonical\" href=\"https:\/\/www.steuerbuero-goettingen.de\/?page_id=60\" \/>\n<meta property=\"og:locale\" content=\"de_DE\" \/>\n<meta property=\"og:type\" content=\"article\" \/>\n<meta property=\"og:title\" content=\"Umweltschutz - Steuerberater Dennis Schmidt\" \/>\n<meta property=\"og:description\" content=\"Wir arbeiten nachhaltig und nicht nur auf den kurzfristigen Erfolg ausgelegt. Daher ist uns auch der Umweltschutz wichtig. Wer seine Umwelt nicht sch\u00fctzt, schadet \u00fcber weiterlesen...\" \/>\n<meta property=\"og:url\" content=\"https:\/\/www.steuerbuero-goettingen.de\/?page_id=60\" \/>\n<meta property=\"og:site_name\" content=\"Steuerberater Dennis Schmidt\" \/>\n<meta property=\"article:modified_time\" content=\"2025-08-13T11:18:08+00:00\" \/>\n<meta property=\"og:image\" content=\"https:\/\/www.steuerbuero-goettingen.de\/wp-content\/uploads\/2020\/12\/umwelt.jpg\" \/>\n\t<meta property=\"og:image:width\" content=\"1200\" \/>\n\t<meta property=\"og:image:height\" content=\"400\" \/>\n\t<meta property=\"og:image:type\" content=\"image\/jpeg\" \/>\n<meta name=\"twitter:card\" content=\"summary_large_image\" \/>\n<meta name=\"twitter:label1\" content=\"Gesch\u00e4tzte Lesezeit\" \/>\n\t<meta name=\"twitter:data1\" content=\"3\u00a0Minuten\" \/>\n<script type=\"application\/ld+json\" class=\"yoast-schema-graph\">{\"@context\":\"https:\\\/\\\/schema.org\",\"@graph\":[{\"@type\":\"WebPage\",\"@id\":\"https:\\\/\\\/www.steuerbuero-goettingen.de\\\/?page_id=60\",\"url\":\"https:\\\/\\\/www.steuerbuero-goettingen.de\\\/?page_id=60\",\"name\":\"Umweltschutz - Steuerberater Dennis Schmidt\",\"isPartOf\":{\"@id\":\"https:\\\/\\\/www.steuerbuero-goettingen.de\\\/#website\"},\"primaryImageOfPage\":{\"@id\":\"https:\\\/\\\/www.steuerbuero-goettingen.de\\\/?page_id=60#primaryimage\"},\"image\":{\"@id\":\"https:\\\/\\\/www.steuerbuero-goettingen.de\\\/?page_id=60#primaryimage\"},\"thumbnailUrl\":\"https:\\\/\\\/www.steuerbuero-goettingen.de\\\/wp-content\\\/uploads\\\/2020\\\/12\\\/umwelt.jpg\",\"datePublished\":\"2020-12-07T11:31:09+00:00\",\"dateModified\":\"2025-08-13T11:18:08+00:00\",\"breadcrumb\":{\"@id\":\"https:\\\/\\\/www.steuerbuero-goettingen.de\\\/?page_id=60#breadcrumb\"},\"inLanguage\":\"de\",\"potentialAction\":[{\"@type\":\"ReadAction\",\"target\":[\"https:\\\/\\\/www.steuerbuero-goettingen.de\\\/?page_id=60\"]}]},{\"@type\":\"ImageObject\",\"inLanguage\":\"de\",\"@id\":\"https:\\\/\\\/www.steuerbuero-goettingen.de\\\/?page_id=60#primaryimage\",\"url\":\"https:\\\/\\\/www.steuerbuero-goettingen.de\\\/wp-content\\\/uploads\\\/2020\\\/12\\\/umwelt.jpg\",\"contentUrl\":\"https:\\\/\\\/www.steuerbuero-goettingen.de\\\/wp-content\\\/uploads\\\/2020\\\/12\\\/umwelt.jpg\",\"width\":1200,\"height\":400},{\"@type\":\"BreadcrumbList\",\"@id\":\"https:\\\/\\\/www.steuerbuero-goettingen.de\\\/?page_id=60#breadcrumb\",\"itemListElement\":[{\"@type\":\"ListItem\",\"position\":1,\"name\":\"Startseite\",\"item\":\"https:\\\/\\\/www.steuerbuero-goettingen.de\\\/\"},{\"@type\":\"ListItem\",\"position\":2,\"name\":\"Umweltschutz\"}]},{\"@type\":\"WebSite\",\"@id\":\"https:\\\/\\\/www.steuerbuero-goettingen.de\\\/#website\",\"url\":\"https:\\\/\\\/www.steuerbuero-goettingen.de\\\/\",\"name\":\"Steuerberater Dennis Schmidt\",\"description\":\"Telefon 0551 - 522 06 0 \u00b7 info@steuerbuero-goettingen.de\",\"publisher\":{\"@id\":\"https:\\\/\\\/www.steuerbuero-goettingen.de\\\/#organization\"},\"potentialAction\":[{\"@type\":\"SearchAction\",\"target\":{\"@type\":\"EntryPoint\",\"urlTemplate\":\"https:\\\/\\\/www.steuerbuero-goettingen.de\\\/?s={search_term_string}\"},\"query-input\":{\"@type\":\"PropertyValueSpecification\",\"valueRequired\":true,\"valueName\":\"search_term_string\"}}],\"inLanguage\":\"de\"},{\"@type\":\"Organization\",\"@id\":\"https:\\\/\\\/www.steuerbuero-goettingen.de\\\/#organization\",\"name\":\"Steuerberater Dennis Schmidt\",\"url\":\"https:\\\/\\\/www.steuerbuero-goettingen.de\\\/\",\"logo\":{\"@type\":\"ImageObject\",\"inLanguage\":\"de\",\"@id\":\"https:\\\/\\\/www.steuerbuero-goettingen.de\\\/#\\\/schema\\\/logo\\\/image\\\/\",\"url\":\"https:\\\/\\\/www.steuerbuero-goettingen.de\\\/wp-content\\\/uploads\\\/2021\\\/01\\\/cropped-logo_x.png\",\"contentUrl\":\"https:\\\/\\\/www.steuerbuero-goettingen.de\\\/wp-content\\\/uploads\\\/2021\\\/01\\\/cropped-logo_x.png\",\"width\":60,\"height\":80,\"caption\":\"Steuerberater Dennis Schmidt\"},\"image\":{\"@id\":\"https:\\\/\\\/www.steuerbuero-goettingen.de\\\/#\\\/schema\\\/logo\\\/image\\\/\"}}]}<\/script>\n<!-- \/ Yoast SEO plugin. -->","yoast_head_json":{"title":"Umweltschutz - Steuerberater Dennis Schmidt","robots":{"index":"index","follow":"follow","max-snippet":"max-snippet:-1","max-image-preview":"max-image-preview:large","max-video-preview":"max-video-preview:-1"},"canonical":"https:\/\/www.steuerbuero-goettingen.de\/?page_id=60","og_locale":"de_DE","og_type":"article","og_title":"Umweltschutz - Steuerberater Dennis Schmidt","og_description":"Wir arbeiten nachhaltig und nicht nur auf den kurzfristigen Erfolg ausgelegt. Daher ist uns auch der Umweltschutz wichtig. Wer seine Umwelt nicht sch\u00fctzt, schadet \u00fcber weiterlesen...","og_url":"https:\/\/www.steuerbuero-goettingen.de\/?page_id=60","og_site_name":"Steuerberater Dennis Schmidt","article_modified_time":"2025-08-13T11:18:08+00:00","og_image":[{"width":1200,"height":400,"url":"https:\/\/www.steuerbuero-goettingen.de\/wp-content\/uploads\/2020\/12\/umwelt.jpg","type":"image\/jpeg"}],"twitter_card":"summary_large_image","twitter_misc":{"Gesch\u00e4tzte Lesezeit":"3\u00a0Minuten"},"schema":{"@context":"https:\/\/schema.org","@graph":[{"@type":"WebPage","@id":"https:\/\/www.steuerbuero-goettingen.de\/?page_id=60","url":"https:\/\/www.steuerbuero-goettingen.de\/?page_id=60","name":"Umweltschutz - Steuerberater Dennis Schmidt","isPartOf":{"@id":"https:\/\/www.steuerbuero-goettingen.de\/#website"},"primaryImageOfPage":{"@id":"https:\/\/www.steuerbuero-goettingen.de\/?page_id=60#primaryimage"},"image":{"@id":"https:\/\/www.steuerbuero-goettingen.de\/?page_id=60#primaryimage"},"thumbnailUrl":"https:\/\/www.steuerbuero-goettingen.de\/wp-content\/uploads\/2020\/12\/umwelt.jpg","datePublished":"2020-12-07T11:31:09+00:00","dateModified":"2025-08-13T11:18:08+00:00","breadcrumb":{"@id":"https:\/\/www.steuerbuero-goettingen.de\/?page_id=60#breadcrumb"},"inLanguage":"de","potentialAction":[{"@type":"ReadAction","target":["https:\/\/www.steuerbuero-goettingen.de\/?page_id=60"]}]},{"@type":"ImageObject","inLanguage":"de","@id":"https:\/\/www.steuerbuero-goettingen.de\/?page_id=60#primaryimage","url":"https:\/\/www.steuerbuero-goettingen.de\/wp-content\/uploads\/2020\/12\/umwelt.jpg","contentUrl":"https:\/\/www.steuerbuero-goettingen.de\/wp-content\/uploads\/2020\/12\/umwelt.jpg","width":1200,"height":400},{"@type":"BreadcrumbList","@id":"https:\/\/www.steuerbuero-goettingen.de\/?page_id=60#breadcrumb","itemListElement":[{"@type":"ListItem","position":1,"name":"Startseite","item":"https:\/\/www.steuerbuero-goettingen.de\/"},{"@type":"ListItem","position":2,"name":"Umweltschutz"}]},{"@type":"WebSite","@id":"https:\/\/www.steuerbuero-goettingen.de\/#website","url":"https:\/\/www.steuerbuero-goettingen.de\/","name":"Steuerberater Dennis Schmidt","description":"Telefon 0551 - 522 06 0 \u00b7 info@steuerbuero-goettingen.de","publisher":{"@id":"https:\/\/www.steuerbuero-goettingen.de\/#organization"},"potentialAction":[{"@type":"SearchAction","target":{"@type":"EntryPoint","urlTemplate":"https:\/\/www.steuerbuero-goettingen.de\/?s={search_term_string}"},"query-input":{"@type":"PropertyValueSpecification","valueRequired":true,"valueName":"search_term_string"}}],"inLanguage":"de"},{"@type":"Organization","@id":"https:\/\/www.steuerbuero-goettingen.de\/#organization","name":"Steuerberater Dennis Schmidt","url":"https:\/\/www.steuerbuero-goettingen.de\/","logo":{"@type":"ImageObject","inLanguage":"de","@id":"https:\/\/www.steuerbuero-goettingen.de\/#\/schema\/logo\/image\/","url":"https:\/\/www.steuerbuero-goettingen.de\/wp-content\/uploads\/2021\/01\/cropped-logo_x.png","contentUrl":"https:\/\/www.steuerbuero-goettingen.de\/wp-content\/uploads\/2021\/01\/cropped-logo_x.png","width":60,"height":80,"caption":"Steuerberater Dennis Schmidt"},"image":{"@id":"https:\/\/www.steuerbuero-goettingen.de\/#\/schema\/logo\/image\/"}}]}},"_links":{"self":[{"href":"https:\/\/www.steuerbuero-goettingen.de\/index.php?rest_route=\/wp\/v2\/pages\/60","targetHints":{"allow":["GET"]}}],"collection":[{"href":"https:\/\/www.steuerbuero-goettingen.de\/index.php?rest_route=\/wp\/v2\/pages"}],"about":[{"href":"https:\/\/www.steuerbuero-goettingen.de\/index.php?rest_route=\/wp\/v2\/types\/page"}],"author":[{"embeddable":true,"href":"https:\/\/www.steuerbuero-goettingen.de\/index.php?rest_route=\/wp\/v2\/users\/2"}],"replies":[{"embeddable":true,"href":"https:\/\/www.steuerbuero-goettingen.de\/index.php?rest_route=%2Fwp%2Fv2%2Fcomments&post=60"}],"version-history":[{"count":36,"href":"https:\/\/www.steuerbuero-goettingen.de\/index.php?rest_route=\/wp\/v2\/pages\/60\/revisions"}],"predecessor-version":[{"id":823,"href":"https:\/\/www.steuerbuero-goettingen.de\/index.php?rest_route=\/wp\/v2\/pages\/60\/revisions\/823"}],"wp:featuredmedia":[{"embeddable":true,"href":"https:\/\/www.steuerbuero-goettingen.de\/index.php?rest_route=\/wp\/v2\/media\/157"}],"wp:attachment":[{"href":"https:\/\/www.steuerbuero-goettingen.de\/index.php?rest_route=%2Fwp%2Fv2%2Fmedia&parent=60"}],"curies":[{"name":"wp","href":"https:\/\/api.w.org\/{rel}","templated":true}]}}