{"id":562,"date":"2022-05-30T12:12:13","date_gmt":"2022-05-30T10:12:13","guid":{"rendered":"https:\/\/www.steuerbuero-goettingen.de\/?page_id=562"},"modified":"2022-05-30T12:18:14","modified_gmt":"2022-05-30T10:18:14","slug":"grundsteuer","status":"publish","type":"page","link":"https:\/\/www.steuerbuero-goettingen.de\/?page_id=562","title":{"rendered":"Grundsteuer"},"content":{"rendered":"\n<p>Das Bundesverfassungsgericht hat entschieden, dass die Grundsteuer in Ihrer aktuellen Form nicht mehr verfassungsgem\u00e4\u00df ist.<br>Auf den ersten Blick k\u00f6nnte man denken, das ist gut, dann brauche ich keine Grundsteuer mehr zu zahlen. Doch die Grundsteuer stellt f\u00fcr die meisten Gemeinden in Deutschland die Haupteinnahmequelle dar. <br>Das Verfassungsgericht hatte dem Gesetzgeber eine Anpassung der Grundsteuer aufgegeben. Nach gro\u00dfen politischen Diskussionen konnte man sich auf eine L\u00f6sung einigen.<br>Leider ist es nicht die eine L\u00f6sung f\u00fcr ganz Deutschland, sondern es gibt, mal wieder einen Flickenteppich. Es gibt ein Bundesmodell und unterschiedliche Modelle in einigen Bundesl\u00e4ndern, so auch in Niedersachsen.<\/p>\n\n\n\n<p>Um diese Neuberechnung der Grundsteuer zu erm\u00f6glichen m\u00fcssen S\u00c4MTLICHE GRUNDST\u00dcCKE in Deutschland neu bewertet werden. Stichtag ist der 01.01.2022, wer also zu diesem Zeitpunkt Eigent\u00fcmer eines Grundst\u00fcckes war, muss zwischen dem 01.07.2022 und dem 31.10.2022 ausschlie\u00dflich auf elektronischem Wege eine Erkl\u00e4rung abgeben. Die Verwaltung hat dann bis zum 01.01.2025 Zeit die Grundsteuer neu festzusetzen.<\/p>\n\n\n\n<p>Das Verfassungsgericht hat darauf hingewiesen, dass die Grundsteuer aufkommensneutral sein soll. Also es keine Erh\u00f6hung der Grundsteuer insgesamt geben darf. Im Einzelfall kann es trotzdem zu teilweise erheblichen Steigerungen kommen. Wie hoch die Grundsteuer am 01.01.2025 sein wird, kann aktuelle noch niemand sagen, da die Gemeinden, welche f\u00fcr die Festsetzung des Grundsteuerhebesatzes und der Grundsteuer verantwortlich sind, es selber noch nicht wissen.<br><\/p>\n\n\n\n<p>F\u00fcr unserer aktuellen Mandanten erstellen wir die notwendige Erkl\u00e4rung. Bitte haben Sie Verst\u00e4ndnis daf\u00fcr, dass wir keine Auftr\u00e4ge \u00fcber unserer Kapazit\u00e4t hinaus \u00fcbernehmen k\u00f6nnen. Die Dokumente im Bereich Service k\u00f6nnen frei genutzt werden. F\u00fcr den Inhalt und deren Nutzung wird keine Haftung \u00fcbernommen und stellt keine Beratung dar.<\/p>\n","protected":false},"excerpt":{"rendered":"<p>Das Bundesverfassungsgericht hat entschieden, dass die Grundsteuer in Ihrer aktuellen Form nicht mehr verfassungsgem\u00e4\u00df ist.Auf den ersten Blick k\u00f6nnte man denken, das ist gut, dann <a class=\"more-link\" href=\"https:\/\/www.steuerbuero-goettingen.de\/?page_id=562\">weiterlesen&#8230;<\/a><\/p>\n","protected":false},"author":2,"featured_media":565,"parent":0,"menu_order":0,"comment_status":"closed","ping_status":"closed","template":"","meta":{"footnotes":""},"class_list":["post-562","page","type-page","status-publish","has-post-thumbnail","hentry"],"yoast_head":"<!-- This site is optimized with the Yoast SEO plugin v27.4 - https:\/\/yoast.com\/product\/yoast-seo-wordpress\/ -->\n<title>Grundsteuer - Steuerberater Dennis Schmidt<\/title>\n<meta name=\"robots\" content=\"index, follow, max-snippet:-1, max-image-preview:large, max-video-preview:-1\" \/>\n<link rel=\"canonical\" href=\"https:\/\/www.steuerbuero-goettingen.de\/?page_id=562\" \/>\n<meta property=\"og:locale\" content=\"de_DE\" \/>\n<meta property=\"og:type\" content=\"article\" \/>\n<meta property=\"og:title\" content=\"Grundsteuer - Steuerberater Dennis Schmidt\" \/>\n<meta property=\"og:description\" content=\"Das Bundesverfassungsgericht hat entschieden, dass die Grundsteuer in Ihrer aktuellen Form nicht mehr verfassungsgem\u00e4\u00df ist.Auf den ersten Blick k\u00f6nnte man denken, das ist gut, dann weiterlesen...\" \/>\n<meta property=\"og:url\" content=\"https:\/\/www.steuerbuero-goettingen.de\/?page_id=562\" \/>\n<meta property=\"og:site_name\" content=\"Steuerberater Dennis Schmidt\" \/>\n<meta property=\"article:modified_time\" content=\"2022-05-30T10:18:14+00:00\" \/>\n<meta property=\"og:image\" content=\"https:\/\/www.steuerbuero-goettingen.de\/wp-content\/uploads\/2022\/05\/grundsteuer.jpg\" \/>\n\t<meta property=\"og:image:width\" content=\"1200\" \/>\n\t<meta property=\"og:image:height\" content=\"400\" \/>\n\t<meta property=\"og:image:type\" content=\"image\/jpeg\" \/>\n<meta name=\"twitter:card\" content=\"summary_large_image\" \/>\n<meta name=\"twitter:label1\" content=\"Gesch\u00e4tzte Lesezeit\" \/>\n\t<meta name=\"twitter:data1\" content=\"2\u00a0Minuten\" \/>\n<script type=\"application\/ld+json\" class=\"yoast-schema-graph\">{\"@context\":\"https:\\\/\\\/schema.org\",\"@graph\":[{\"@type\":\"WebPage\",\"@id\":\"https:\\\/\\\/www.steuerbuero-goettingen.de\\\/?page_id=562\",\"url\":\"https:\\\/\\\/www.steuerbuero-goettingen.de\\\/?page_id=562\",\"name\":\"Grundsteuer - Steuerberater Dennis Schmidt\",\"isPartOf\":{\"@id\":\"https:\\\/\\\/www.steuerbuero-goettingen.de\\\/#website\"},\"primaryImageOfPage\":{\"@id\":\"https:\\\/\\\/www.steuerbuero-goettingen.de\\\/?page_id=562#primaryimage\"},\"image\":{\"@id\":\"https:\\\/\\\/www.steuerbuero-goettingen.de\\\/?page_id=562#primaryimage\"},\"thumbnailUrl\":\"https:\\\/\\\/www.steuerbuero-goettingen.de\\\/wp-content\\\/uploads\\\/2022\\\/05\\\/grundsteuer.jpg\",\"datePublished\":\"2022-05-30T10:12:13+00:00\",\"dateModified\":\"2022-05-30T10:18:14+00:00\",\"breadcrumb\":{\"@id\":\"https:\\\/\\\/www.steuerbuero-goettingen.de\\\/?page_id=562#breadcrumb\"},\"inLanguage\":\"de\",\"potentialAction\":[{\"@type\":\"ReadAction\",\"target\":[\"https:\\\/\\\/www.steuerbuero-goettingen.de\\\/?page_id=562\"]}]},{\"@type\":\"ImageObject\",\"inLanguage\":\"de\",\"@id\":\"https:\\\/\\\/www.steuerbuero-goettingen.de\\\/?page_id=562#primaryimage\",\"url\":\"https:\\\/\\\/www.steuerbuero-goettingen.de\\\/wp-content\\\/uploads\\\/2022\\\/05\\\/grundsteuer.jpg\",\"contentUrl\":\"https:\\\/\\\/www.steuerbuero-goettingen.de\\\/wp-content\\\/uploads\\\/2022\\\/05\\\/grundsteuer.jpg\",\"width\":1200,\"height\":400},{\"@type\":\"BreadcrumbList\",\"@id\":\"https:\\\/\\\/www.steuerbuero-goettingen.de\\\/?page_id=562#breadcrumb\",\"itemListElement\":[{\"@type\":\"ListItem\",\"position\":1,\"name\":\"Startseite\",\"item\":\"https:\\\/\\\/www.steuerbuero-goettingen.de\\\/\"},{\"@type\":\"ListItem\",\"position\":2,\"name\":\"Grundsteuer\"}]},{\"@type\":\"WebSite\",\"@id\":\"https:\\\/\\\/www.steuerbuero-goettingen.de\\\/#website\",\"url\":\"https:\\\/\\\/www.steuerbuero-goettingen.de\\\/\",\"name\":\"Steuerberater Dennis Schmidt\",\"description\":\"Telefon 0551 - 522 06 0 \u00b7 info@steuerbuero-goettingen.de\",\"publisher\":{\"@id\":\"https:\\\/\\\/www.steuerbuero-goettingen.de\\\/#organization\"},\"potentialAction\":[{\"@type\":\"SearchAction\",\"target\":{\"@type\":\"EntryPoint\",\"urlTemplate\":\"https:\\\/\\\/www.steuerbuero-goettingen.de\\\/?s={search_term_string}\"},\"query-input\":{\"@type\":\"PropertyValueSpecification\",\"valueRequired\":true,\"valueName\":\"search_term_string\"}}],\"inLanguage\":\"de\"},{\"@type\":\"Organization\",\"@id\":\"https:\\\/\\\/www.steuerbuero-goettingen.de\\\/#organization\",\"name\":\"Steuerberater Dennis Schmidt\",\"url\":\"https:\\\/\\\/www.steuerbuero-goettingen.de\\\/\",\"logo\":{\"@type\":\"ImageObject\",\"inLanguage\":\"de\",\"@id\":\"https:\\\/\\\/www.steuerbuero-goettingen.de\\\/#\\\/schema\\\/logo\\\/image\\\/\",\"url\":\"https:\\\/\\\/www.steuerbuero-goettingen.de\\\/wp-content\\\/uploads\\\/2021\\\/01\\\/cropped-logo_x.png\",\"contentUrl\":\"https:\\\/\\\/www.steuerbuero-goettingen.de\\\/wp-content\\\/uploads\\\/2021\\\/01\\\/cropped-logo_x.png\",\"width\":60,\"height\":80,\"caption\":\"Steuerberater Dennis Schmidt\"},\"image\":{\"@id\":\"https:\\\/\\\/www.steuerbuero-goettingen.de\\\/#\\\/schema\\\/logo\\\/image\\\/\"}}]}<\/script>\n<!-- \/ Yoast SEO plugin. -->","yoast_head_json":{"title":"Grundsteuer - Steuerberater Dennis Schmidt","robots":{"index":"index","follow":"follow","max-snippet":"max-snippet:-1","max-image-preview":"max-image-preview:large","max-video-preview":"max-video-preview:-1"},"canonical":"https:\/\/www.steuerbuero-goettingen.de\/?page_id=562","og_locale":"de_DE","og_type":"article","og_title":"Grundsteuer - Steuerberater Dennis Schmidt","og_description":"Das Bundesverfassungsgericht hat entschieden, dass die Grundsteuer in Ihrer aktuellen Form nicht mehr verfassungsgem\u00e4\u00df ist.Auf den ersten Blick k\u00f6nnte man denken, das ist gut, dann weiterlesen...","og_url":"https:\/\/www.steuerbuero-goettingen.de\/?page_id=562","og_site_name":"Steuerberater Dennis Schmidt","article_modified_time":"2022-05-30T10:18:14+00:00","og_image":[{"width":1200,"height":400,"url":"https:\/\/www.steuerbuero-goettingen.de\/wp-content\/uploads\/2022\/05\/grundsteuer.jpg","type":"image\/jpeg"}],"twitter_card":"summary_large_image","twitter_misc":{"Gesch\u00e4tzte Lesezeit":"2\u00a0Minuten"},"schema":{"@context":"https:\/\/schema.org","@graph":[{"@type":"WebPage","@id":"https:\/\/www.steuerbuero-goettingen.de\/?page_id=562","url":"https:\/\/www.steuerbuero-goettingen.de\/?page_id=562","name":"Grundsteuer - Steuerberater Dennis Schmidt","isPartOf":{"@id":"https:\/\/www.steuerbuero-goettingen.de\/#website"},"primaryImageOfPage":{"@id":"https:\/\/www.steuerbuero-goettingen.de\/?page_id=562#primaryimage"},"image":{"@id":"https:\/\/www.steuerbuero-goettingen.de\/?page_id=562#primaryimage"},"thumbnailUrl":"https:\/\/www.steuerbuero-goettingen.de\/wp-content\/uploads\/2022\/05\/grundsteuer.jpg","datePublished":"2022-05-30T10:12:13+00:00","dateModified":"2022-05-30T10:18:14+00:00","breadcrumb":{"@id":"https:\/\/www.steuerbuero-goettingen.de\/?page_id=562#breadcrumb"},"inLanguage":"de","potentialAction":[{"@type":"ReadAction","target":["https:\/\/www.steuerbuero-goettingen.de\/?page_id=562"]}]},{"@type":"ImageObject","inLanguage":"de","@id":"https:\/\/www.steuerbuero-goettingen.de\/?page_id=562#primaryimage","url":"https:\/\/www.steuerbuero-goettingen.de\/wp-content\/uploads\/2022\/05\/grundsteuer.jpg","contentUrl":"https:\/\/www.steuerbuero-goettingen.de\/wp-content\/uploads\/2022\/05\/grundsteuer.jpg","width":1200,"height":400},{"@type":"BreadcrumbList","@id":"https:\/\/www.steuerbuero-goettingen.de\/?page_id=562#breadcrumb","itemListElement":[{"@type":"ListItem","position":1,"name":"Startseite","item":"https:\/\/www.steuerbuero-goettingen.de\/"},{"@type":"ListItem","position":2,"name":"Grundsteuer"}]},{"@type":"WebSite","@id":"https:\/\/www.steuerbuero-goettingen.de\/#website","url":"https:\/\/www.steuerbuero-goettingen.de\/","name":"Steuerberater Dennis Schmidt","description":"Telefon 0551 - 522 06 0 \u00b7 info@steuerbuero-goettingen.de","publisher":{"@id":"https:\/\/www.steuerbuero-goettingen.de\/#organization"},"potentialAction":[{"@type":"SearchAction","target":{"@type":"EntryPoint","urlTemplate":"https:\/\/www.steuerbuero-goettingen.de\/?s={search_term_string}"},"query-input":{"@type":"PropertyValueSpecification","valueRequired":true,"valueName":"search_term_string"}}],"inLanguage":"de"},{"@type":"Organization","@id":"https:\/\/www.steuerbuero-goettingen.de\/#organization","name":"Steuerberater Dennis Schmidt","url":"https:\/\/www.steuerbuero-goettingen.de\/","logo":{"@type":"ImageObject","inLanguage":"de","@id":"https:\/\/www.steuerbuero-goettingen.de\/#\/schema\/logo\/image\/","url":"https:\/\/www.steuerbuero-goettingen.de\/wp-content\/uploads\/2021\/01\/cropped-logo_x.png","contentUrl":"https:\/\/www.steuerbuero-goettingen.de\/wp-content\/uploads\/2021\/01\/cropped-logo_x.png","width":60,"height":80,"caption":"Steuerberater Dennis Schmidt"},"image":{"@id":"https:\/\/www.steuerbuero-goettingen.de\/#\/schema\/logo\/image\/"}}]}},"_links":{"self":[{"href":"https:\/\/www.steuerbuero-goettingen.de\/index.php?rest_route=\/wp\/v2\/pages\/562","targetHints":{"allow":["GET"]}}],"collection":[{"href":"https:\/\/www.steuerbuero-goettingen.de\/index.php?rest_route=\/wp\/v2\/pages"}],"about":[{"href":"https:\/\/www.steuerbuero-goettingen.de\/index.php?rest_route=\/wp\/v2\/types\/page"}],"author":[{"embeddable":true,"href":"https:\/\/www.steuerbuero-goettingen.de\/index.php?rest_route=\/wp\/v2\/users\/2"}],"replies":[{"embeddable":true,"href":"https:\/\/www.steuerbuero-goettingen.de\/index.php?rest_route=%2Fwp%2Fv2%2Fcomments&post=562"}],"version-history":[{"count":2,"href":"https:\/\/www.steuerbuero-goettingen.de\/index.php?rest_route=\/wp\/v2\/pages\/562\/revisions"}],"predecessor-version":[{"id":566,"href":"https:\/\/www.steuerbuero-goettingen.de\/index.php?rest_route=\/wp\/v2\/pages\/562\/revisions\/566"}],"wp:featuredmedia":[{"embeddable":true,"href":"https:\/\/www.steuerbuero-goettingen.de\/index.php?rest_route=\/wp\/v2\/media\/565"}],"wp:attachment":[{"href":"https:\/\/www.steuerbuero-goettingen.de\/index.php?rest_route=%2Fwp%2Fv2%2Fmedia&parent=562"}],"curies":[{"name":"wp","href":"https:\/\/api.w.org\/{rel}","templated":true}]}}