{"id":162,"date":"2020-12-08T13:29:10","date_gmt":"2020-12-08T12:29:10","guid":{"rendered":"http:\/\/www.steuerbuero-goettingen.de\/?page_id=162"},"modified":"2026-02-20T06:23:34","modified_gmt":"2026-02-20T05:23:34","slug":"stellenangebote","status":"publish","type":"page","link":"https:\/\/www.steuerbuero-goettingen.de\/?page_id=162","title":{"rendered":"Karriere"},"content":{"rendered":"\n<p>Du hast Lust auf ein motiviertes Team, abwechslungsreiche Mandate und modernes Arbeiten?<\/p>\n\n\n\n<p>Dann komm zu uns! Unsere Kanzlei besteht aus einem gemischten, engagierten Team, das mit Freude, Fachwissen und digitaler Arbeitsweise Mandate betreut \u2013 und dabei das Miteinander gro\u00df schreibt.<\/p>\n\n\n\n<p>Wir sind eine der wenigen Kanzleien in S\u00fcdniedersachsen, welche die aktuellen Siegel der Datev als digitale Kanzlei und als exzellenter Arbeitgeber des Steuerberaterverbandes vereinen. Neben gutem Betriebsklima und leistungsgerechter Bezahlung bieten wir moderne Arbeitspl\u00e4tze, sowie regelm\u00e4\u00dfige Fortbildungen. Du m\u00f6chtest Dich weiterbilden? Dann bist Du bei uns genau richtig, wir unterst\u00fctzen Dich. Wir stehen f\u00fcr ehrliche und engagierte Steuerberatung mit \u00f6kologischem Gewissen.<\/p>\n\n\n\n<h3 class=\"wp-block-heading\">Wir suchen:<\/h3>\n\n\n\n<div class=\"wp-block-columns is-layout-flex wp-container-core-columns-is-layout-9d6595d7 wp-block-columns-is-layout-flex\">\n<div class=\"wp-block-column is-layout-flow wp-block-column-is-layout-flow\">\n<h4 class=\"wp-block-heading\">Bilanzbuchhalter (m\/w\/d)<\/h4>\n\n\n\n<p>Zum n\u00e4chst m\u00f6glichen Zeitpunkt im G\u00f6ttinger Ostviertel<br><a href=\"https:\/\/www.steuerbuero-goettingen.de\/?page_id=848\">Unsere Leistungen, ein Anforderungsprofil und die direkte Bewerbungsm\u00f6glichkeit finden Sie hier.<\/a><\/p>\n\n\n\n<h4 class=\"wp-block-heading\">Steuerfachangestellter (m\/w\/d)<\/h4>\n\n\n\n<p>Zum n\u00e4chst m\u00f6glichen Zeitpunkt im G\u00f6ttinger Ostviertel<br><a href=\"https:\/\/www.steuerbuero-goettingen.de\/?page_id=856\" type=\"page\" id=\"856\">Unsere Leistungen, ein Anforderungsprofil und die direkte Bewerbungsm\u00f6glichkeit finden Sie hier.<\/a><\/p>\n\n\n\n<h4 class=\"wp-block-heading\">Steuerfachwirt (m\/w\/d)<\/h4>\n\n\n\n<p>Zum n\u00e4chst m\u00f6glichen Zeitpunkt im G\u00f6ttinger Ostviertel<br><a href=\"https:\/\/www.steuerbuero-goettingen.de\/?page_id=853\">Unsere Leistungen, ein Anforderungsprofil und die direkte Bewerbungsm\u00f6glichkeit finden Sie hier.<\/a><\/p>\n<\/div>\n<\/div>\n\n\n\n<p>Werde ein Teil einer wachsenden und zukunftsorientierten Gemeinschaft.<\/p>\n\n\n\n<p>Bewerbungen bitte an <a href=\"mailto:bewerbung@steuerbuero-goettingen.de\">bewerbung@steuerbuero-goettingen.de<\/a> oder online (siehe Link bei der jeweiligen Stelle).<\/p>\n\n\n\n<p>SDS Steuerberater Dennis Schmidt<br>Hainholzweg 11<br>37085 G\u00f6ttingen<\/p>\n\n\n\n<p><\/p>\n","protected":false},"excerpt":{"rendered":"<p>Du hast Lust auf ein motiviertes Team, abwechslungsreiche Mandate und modernes Arbeiten? Dann komm zu uns! Unsere Kanzlei besteht aus einem gemischten, engagierten Team, das <a class=\"more-link\" href=\"https:\/\/www.steuerbuero-goettingen.de\/?page_id=162\">weiterlesen&#8230;<\/a><\/p>\n","protected":false},"author":2,"featured_media":164,"parent":0,"menu_order":0,"comment_status":"closed","ping_status":"closed","template":"","meta":{"footnotes":""},"class_list":["post-162","page","type-page","status-publish","has-post-thumbnail","hentry"],"yoast_head":"<!-- This site is optimized with the Yoast SEO plugin v27.5 - https:\/\/yoast.com\/product\/yoast-seo-wordpress\/ -->\n<title>Karriere - Steuerberater Dennis Schmidt<\/title>\n<meta name=\"robots\" content=\"index, follow, max-snippet:-1, max-image-preview:large, max-video-preview:-1\" \/>\n<link rel=\"canonical\" href=\"https:\/\/www.steuerbuero-goettingen.de\/?page_id=162\" \/>\n<meta property=\"og:locale\" content=\"de_DE\" \/>\n<meta property=\"og:type\" content=\"article\" \/>\n<meta property=\"og:title\" content=\"Karriere - Steuerberater Dennis Schmidt\" \/>\n<meta property=\"og:description\" content=\"Du hast Lust auf ein motiviertes Team, abwechslungsreiche Mandate und modernes Arbeiten? Dann komm zu uns! Unsere Kanzlei besteht aus einem gemischten, engagierten Team, das weiterlesen...\" \/>\n<meta property=\"og:url\" content=\"https:\/\/www.steuerbuero-goettingen.de\/?page_id=162\" \/>\n<meta property=\"og:site_name\" content=\"Steuerberater Dennis Schmidt\" \/>\n<meta property=\"article:modified_time\" content=\"2026-02-20T05:23:34+00:00\" \/>\n<meta property=\"og:image\" content=\"https:\/\/www.steuerbuero-goettingen.de\/wp-content\/uploads\/2020\/12\/stelle.jpg\" \/>\n\t<meta property=\"og:image:width\" content=\"1200\" \/>\n\t<meta property=\"og:image:height\" content=\"400\" \/>\n\t<meta property=\"og:image:type\" content=\"image\/jpeg\" \/>\n<meta name=\"twitter:card\" content=\"summary_large_image\" \/>\n<meta name=\"twitter:label1\" content=\"Gesch\u00e4tzte Lesezeit\" \/>\n\t<meta name=\"twitter:data1\" content=\"1\u00a0Minute\" \/>\n<script type=\"application\/ld+json\" class=\"yoast-schema-graph\">{\"@context\":\"https:\\\/\\\/schema.org\",\"@graph\":[{\"@type\":\"WebPage\",\"@id\":\"https:\\\/\\\/www.steuerbuero-goettingen.de\\\/?page_id=162\",\"url\":\"https:\\\/\\\/www.steuerbuero-goettingen.de\\\/?page_id=162\",\"name\":\"Karriere - Steuerberater Dennis Schmidt\",\"isPartOf\":{\"@id\":\"https:\\\/\\\/www.steuerbuero-goettingen.de\\\/#website\"},\"primaryImageOfPage\":{\"@id\":\"https:\\\/\\\/www.steuerbuero-goettingen.de\\\/?page_id=162#primaryimage\"},\"image\":{\"@id\":\"https:\\\/\\\/www.steuerbuero-goettingen.de\\\/?page_id=162#primaryimage\"},\"thumbnailUrl\":\"https:\\\/\\\/www.steuerbuero-goettingen.de\\\/wp-content\\\/uploads\\\/2020\\\/12\\\/stelle.jpg\",\"datePublished\":\"2020-12-08T12:29:10+00:00\",\"dateModified\":\"2026-02-20T05:23:34+00:00\",\"breadcrumb\":{\"@id\":\"https:\\\/\\\/www.steuerbuero-goettingen.de\\\/?page_id=162#breadcrumb\"},\"inLanguage\":\"de\",\"potentialAction\":[{\"@type\":\"ReadAction\",\"target\":[\"https:\\\/\\\/www.steuerbuero-goettingen.de\\\/?page_id=162\"]}]},{\"@type\":\"ImageObject\",\"inLanguage\":\"de\",\"@id\":\"https:\\\/\\\/www.steuerbuero-goettingen.de\\\/?page_id=162#primaryimage\",\"url\":\"https:\\\/\\\/www.steuerbuero-goettingen.de\\\/wp-content\\\/uploads\\\/2020\\\/12\\\/stelle.jpg\",\"contentUrl\":\"https:\\\/\\\/www.steuerbuero-goettingen.de\\\/wp-content\\\/uploads\\\/2020\\\/12\\\/stelle.jpg\",\"width\":1200,\"height\":400},{\"@type\":\"BreadcrumbList\",\"@id\":\"https:\\\/\\\/www.steuerbuero-goettingen.de\\\/?page_id=162#breadcrumb\",\"itemListElement\":[{\"@type\":\"ListItem\",\"position\":1,\"name\":\"Startseite\",\"item\":\"https:\\\/\\\/www.steuerbuero-goettingen.de\\\/\"},{\"@type\":\"ListItem\",\"position\":2,\"name\":\"Stellenangebote\"}]},{\"@type\":\"WebSite\",\"@id\":\"https:\\\/\\\/www.steuerbuero-goettingen.de\\\/#website\",\"url\":\"https:\\\/\\\/www.steuerbuero-goettingen.de\\\/\",\"name\":\"Steuerberater Dennis Schmidt\",\"description\":\"Telefon 0551 - 522 06 0 \u00b7 info@steuerbuero-goettingen.de\",\"publisher\":{\"@id\":\"https:\\\/\\\/www.steuerbuero-goettingen.de\\\/#organization\"},\"potentialAction\":[{\"@type\":\"SearchAction\",\"target\":{\"@type\":\"EntryPoint\",\"urlTemplate\":\"https:\\\/\\\/www.steuerbuero-goettingen.de\\\/?s={search_term_string}\"},\"query-input\":{\"@type\":\"PropertyValueSpecification\",\"valueRequired\":true,\"valueName\":\"search_term_string\"}}],\"inLanguage\":\"de\"},{\"@type\":\"Organization\",\"@id\":\"https:\\\/\\\/www.steuerbuero-goettingen.de\\\/#organization\",\"name\":\"Steuerberater Dennis Schmidt\",\"url\":\"https:\\\/\\\/www.steuerbuero-goettingen.de\\\/\",\"logo\":{\"@type\":\"ImageObject\",\"inLanguage\":\"de\",\"@id\":\"https:\\\/\\\/www.steuerbuero-goettingen.de\\\/#\\\/schema\\\/logo\\\/image\\\/\",\"url\":\"https:\\\/\\\/www.steuerbuero-goettingen.de\\\/wp-content\\\/uploads\\\/2021\\\/01\\\/cropped-logo_x.png\",\"contentUrl\":\"https:\\\/\\\/www.steuerbuero-goettingen.de\\\/wp-content\\\/uploads\\\/2021\\\/01\\\/cropped-logo_x.png\",\"width\":60,\"height\":80,\"caption\":\"Steuerberater Dennis Schmidt\"},\"image\":{\"@id\":\"https:\\\/\\\/www.steuerbuero-goettingen.de\\\/#\\\/schema\\\/logo\\\/image\\\/\"}}]}<\/script>\n<!-- \/ Yoast SEO plugin. -->","yoast_head_json":{"title":"Karriere - Steuerberater Dennis Schmidt","robots":{"index":"index","follow":"follow","max-snippet":"max-snippet:-1","max-image-preview":"max-image-preview:large","max-video-preview":"max-video-preview:-1"},"canonical":"https:\/\/www.steuerbuero-goettingen.de\/?page_id=162","og_locale":"de_DE","og_type":"article","og_title":"Karriere - Steuerberater Dennis Schmidt","og_description":"Du hast Lust auf ein motiviertes Team, abwechslungsreiche Mandate und modernes Arbeiten? Dann komm zu uns! Unsere Kanzlei besteht aus einem gemischten, engagierten Team, das weiterlesen...","og_url":"https:\/\/www.steuerbuero-goettingen.de\/?page_id=162","og_site_name":"Steuerberater Dennis Schmidt","article_modified_time":"2026-02-20T05:23:34+00:00","og_image":[{"width":1200,"height":400,"url":"https:\/\/www.steuerbuero-goettingen.de\/wp-content\/uploads\/2020\/12\/stelle.jpg","type":"image\/jpeg"}],"twitter_card":"summary_large_image","twitter_misc":{"Gesch\u00e4tzte Lesezeit":"1\u00a0Minute"},"schema":{"@context":"https:\/\/schema.org","@graph":[{"@type":"WebPage","@id":"https:\/\/www.steuerbuero-goettingen.de\/?page_id=162","url":"https:\/\/www.steuerbuero-goettingen.de\/?page_id=162","name":"Karriere - Steuerberater Dennis Schmidt","isPartOf":{"@id":"https:\/\/www.steuerbuero-goettingen.de\/#website"},"primaryImageOfPage":{"@id":"https:\/\/www.steuerbuero-goettingen.de\/?page_id=162#primaryimage"},"image":{"@id":"https:\/\/www.steuerbuero-goettingen.de\/?page_id=162#primaryimage"},"thumbnailUrl":"https:\/\/www.steuerbuero-goettingen.de\/wp-content\/uploads\/2020\/12\/stelle.jpg","datePublished":"2020-12-08T12:29:10+00:00","dateModified":"2026-02-20T05:23:34+00:00","breadcrumb":{"@id":"https:\/\/www.steuerbuero-goettingen.de\/?page_id=162#breadcrumb"},"inLanguage":"de","potentialAction":[{"@type":"ReadAction","target":["https:\/\/www.steuerbuero-goettingen.de\/?page_id=162"]}]},{"@type":"ImageObject","inLanguage":"de","@id":"https:\/\/www.steuerbuero-goettingen.de\/?page_id=162#primaryimage","url":"https:\/\/www.steuerbuero-goettingen.de\/wp-content\/uploads\/2020\/12\/stelle.jpg","contentUrl":"https:\/\/www.steuerbuero-goettingen.de\/wp-content\/uploads\/2020\/12\/stelle.jpg","width":1200,"height":400},{"@type":"BreadcrumbList","@id":"https:\/\/www.steuerbuero-goettingen.de\/?page_id=162#breadcrumb","itemListElement":[{"@type":"ListItem","position":1,"name":"Startseite","item":"https:\/\/www.steuerbuero-goettingen.de\/"},{"@type":"ListItem","position":2,"name":"Stellenangebote"}]},{"@type":"WebSite","@id":"https:\/\/www.steuerbuero-goettingen.de\/#website","url":"https:\/\/www.steuerbuero-goettingen.de\/","name":"Steuerberater Dennis Schmidt","description":"Telefon 0551 - 522 06 0 \u00b7 info@steuerbuero-goettingen.de","publisher":{"@id":"https:\/\/www.steuerbuero-goettingen.de\/#organization"},"potentialAction":[{"@type":"SearchAction","target":{"@type":"EntryPoint","urlTemplate":"https:\/\/www.steuerbuero-goettingen.de\/?s={search_term_string}"},"query-input":{"@type":"PropertyValueSpecification","valueRequired":true,"valueName":"search_term_string"}}],"inLanguage":"de"},{"@type":"Organization","@id":"https:\/\/www.steuerbuero-goettingen.de\/#organization","name":"Steuerberater Dennis Schmidt","url":"https:\/\/www.steuerbuero-goettingen.de\/","logo":{"@type":"ImageObject","inLanguage":"de","@id":"https:\/\/www.steuerbuero-goettingen.de\/#\/schema\/logo\/image\/","url":"https:\/\/www.steuerbuero-goettingen.de\/wp-content\/uploads\/2021\/01\/cropped-logo_x.png","contentUrl":"https:\/\/www.steuerbuero-goettingen.de\/wp-content\/uploads\/2021\/01\/cropped-logo_x.png","width":60,"height":80,"caption":"Steuerberater Dennis Schmidt"},"image":{"@id":"https:\/\/www.steuerbuero-goettingen.de\/#\/schema\/logo\/image\/"}}]}},"_links":{"self":[{"href":"https:\/\/www.steuerbuero-goettingen.de\/index.php?rest_route=\/wp\/v2\/pages\/162","targetHints":{"allow":["GET"]}}],"collection":[{"href":"https:\/\/www.steuerbuero-goettingen.de\/index.php?rest_route=\/wp\/v2\/pages"}],"about":[{"href":"https:\/\/www.steuerbuero-goettingen.de\/index.php?rest_route=\/wp\/v2\/types\/page"}],"author":[{"embeddable":true,"href":"https:\/\/www.steuerbuero-goettingen.de\/index.php?rest_route=\/wp\/v2\/users\/2"}],"replies":[{"embeddable":true,"href":"https:\/\/www.steuerbuero-goettingen.de\/index.php?rest_route=%2Fwp%2Fv2%2Fcomments&post=162"}],"version-history":[{"count":30,"href":"https:\/\/www.steuerbuero-goettingen.de\/index.php?rest_route=\/wp\/v2\/pages\/162\/revisions"}],"predecessor-version":[{"id":920,"href":"https:\/\/www.steuerbuero-goettingen.de\/index.php?rest_route=\/wp\/v2\/pages\/162\/revisions\/920"}],"wp:featuredmedia":[{"embeddable":true,"href":"https:\/\/www.steuerbuero-goettingen.de\/index.php?rest_route=\/wp\/v2\/media\/164"}],"wp:attachment":[{"href":"https:\/\/www.steuerbuero-goettingen.de\/index.php?rest_route=%2Fwp%2Fv2%2Fmedia&parent=162"}],"curies":[{"name":"wp","href":"https:\/\/api.w.org\/{rel}","templated":true}]}}